{"locations":[{"lat":"44.824708","lng":"6.541909","title":"Parcours num\u00e9rique en r\u00e9alit\u00e9 augment\u00e9e : Le myst\u00e8re de l\u2019\u00e9glise des Vigneaux","excerpt":"","permalink":"https:\/\/www.paysdesecrins.com\/nl\/fiche\/parcours-numerique-en-realite-augmentee-le-mystere-de-leglise-des-vigneaux-5\/","type":"fete_et_manifestation","commune":"Les Vigneaux","type_commerce":"","image":"https:\/\/static.apidae-tourisme.com\/filestore\/objets-touristiques\/images\/208\/70\/13846224-diaporama.jpg","image_width":"350","image_height":"350","image_fit":"cover"},{"lat":"44.88869","lng":"6.446259","title":"Nouveau parcours ludique “Histoire de l’alpinisme”","excerpt":"","permalink":"https:\/\/www.paysdesecrins.com\/nl\/fiche\/nouveau-parcours-ludique-histoire-de-lalpinisme-5\/","type":"fete_et_manifestation","commune":"Vallouise-Pelvoux","type_commerce":"","image":"https:\/\/static.apidae-tourisme.com\/filestore\/objets-touristiques\/images\/51\/210\/23319091-diaporama.jpg","image_width":"350","image_height":"350","image_fit":"cover"},{"lat":"44.84633","lng":"6.488495","title":"Alpvengers Rando","excerpt":"","permalink":"https:\/\/www.paysdesecrins.com\/nl\/fiche\/alpvengers-rando-5\/","type":"fete_et_manifestation","commune":"Vallouise-Pelvoux","type_commerce":"","image":"https:\/\/static.apidae-tourisme.com\/filestore\/objets-touristiques\/images\/207\/129\/41583055-diaporama.jpg","image_width":"350","image_height":"350","image_fit":"cover"},{"lat":"44.84636","lng":"6.488495","title":"Alpvengers Trail","excerpt":"","permalink":"https:\/\/www.paysdesecrins.com\/nl\/fiche\/alpvengers-trail-5\/","type":"fete_et_manifestation","commune":"Vallouise-Pelvoux","type_commerce":"","image":"https:\/\/www.paysdesecrins.com\/wp-content\/uploads\/2025\/06\/cropped-paysdesecrins.png","image_width":"350","image_height":"350","image_fit":"cover"},{"lat":"44.84633","lng":"6.488495","title":"Alpvengers VTT\/VAE","excerpt":"","permalink":"https:\/\/www.paysdesecrins.com\/nl\/fiche\/alpvengers-vtt-vae-5\/","type":"fete_et_manifestation","commune":"Vallouise-Pelvoux","type_commerce":"","image":"https:\/\/static.apidae-tourisme.com\/filestore\/objets-touristiques\/images\/81\/129\/41582929-diaporama.jpg","image_width":"350","image_height":"350","image_fit":"cover"},{"lat":"44.827773","lng":"6.496539","title":"Le sentier des Trolls","excerpt":"","permalink":"https:\/\/www.paysdesecrins.com\/nl\/fiche\/le-sentier-des-trolls-5\/","type":"fete_et_manifestation","commune":"Puy-Saint-Vincent","type_commerce":"","image":"https:\/\/static.apidae-tourisme.com\/filestore\/objets-touristiques\/images\/99\/232\/41609315-diaporama.jpg","image_width":"350","image_height":"350","image_fit":"cover"},{"lat":"44.839636","lng":"6.485527","title":"Le sentier des lutins","excerpt":"","permalink":"https:\/\/www.paysdesecrins.com\/nl\/fiche\/le-sentier-des-lutins-5\/","type":"fete_et_manifestation","commune":"Vallouise-Pelvoux","type_commerce":"","image":"https:\/\/static.apidae-tourisme.com\/filestore\/objets-touristiques\/images\/124\/169\/41134460-diaporama.jpg","image_width":"350","image_height":"350","image_fit":"cover"},{"lat":"44.803478","lng":"6.476836","title":"Le sentier des g\u00e9ants","excerpt":"","permalink":"https:\/\/www.paysdesecrins.com\/nl\/fiche\/le-sentier-des-geants-5\/","type":"fete_et_manifestation","commune":"Puy-Saint-Vincent","type_commerce":"","image":"https:\/\/static.apidae-tourisme.com\/filestore\/objets-touristiques\/images\/225\/238\/32304865-diaporama.jpg","image_width":"350","image_height":"350","image_fit":"cover"},{"lat":"44.9181","lng":"6.4158465","title":"Exposition du pr\u00e9 de Mme Carle","excerpt":"","permalink":"https:\/\/www.paysdesecrins.com\/nl\/fiche\/exposition-du-pre-de-mme-carle-5\/","type":"fete_et_manifestation","commune":"Vallouise-Pelvoux","type_commerce":"","image":"https:\/\/static.apidae-tourisme.com\/filestore\/objets-touristiques\/images\/223\/242\/41874143-diaporama.jpg","image_width":"350","image_height":"350","image_fit":"cover"},{"lat":"44.83929","lng":"6.493169","title":"Exposition : Les patrimoines de la Vallouise","excerpt":"","permalink":"https:\/\/www.paysdesecrins.com\/nl\/fiche\/exposition-les-patrimoines-de-la-vallouise-5\/","type":"fete_et_manifestation","commune":"Vallouise-Pelvoux","type_commerce":"","image":"https:\/\/static.apidae-tourisme.com\/filestore\/objets-touristiques\/images\/131\/242\/41874051-diaporama.jpg","image_width":"350","image_height":"350","image_fit":"cover"},{"lat":"44.83929","lng":"6.493169","title":"Exposition : “Lumi\u00e8res en Ecrins”","excerpt":"","permalink":"https:\/\/www.paysdesecrins.com\/nl\/fiche\/exposition-lumieres-en-ecrins-5\/","type":"fete_et_manifestation","commune":"Vallouise-Pelvoux","type_commerce":"","image":"https:\/\/static.apidae-tourisme.com\/filestore\/objets-touristiques\/images\/135\/242\/41874055-diaporama.jpg","image_width":"350","image_height":"350","image_fit":"cover"},{"lat":"44.770483","lng":"6.558395","title":"Ouverture de la route des Espagnols r\u00e9serv\u00e9e aux mobilit\u00e9s douces","excerpt":"","permalink":"https:\/\/www.paysdesecrins.com\/nl\/fiche\/ouverture-de-la-route-des-espagnols-reservee-aux-mobilites-douces-5\/","type":"fete_et_manifestation","commune":"L'Argenti\u00e8re-la-Bess\u00e9e","type_commerce":"","image":"https:\/\/static.apidae-tourisme.com\/filestore\/objets-touristiques\/images\/54\/101\/17982774-diaporama.jpg","image_width":"350","image_height":"350","image_fit":"cover"},{"lat":"44.831039","lng":"6.485425","title":"Exposition de l’Atelier d’Artistes de Travers’Arts: Nous Aimons Bouger","excerpt":"","permalink":"https:\/\/www.paysdesecrins.com\/nl\/fiche\/exposition-de-latelier-dartistes-de-traversarts-nous-aimons-bouger-5\/","type":"fete_et_manifestation","commune":"Puy-Saint-Vincent","type_commerce":"","image":"https:\/\/static.apidae-tourisme.com\/filestore\/objets-touristiques\/images\/197\/91\/41638853-diaporama.jpg","image_width":"350","image_height":"350","image_fit":"cover"},{"lat":"44.846185","lng":"6.487587","title":"March\u00e9 de Vallouise","excerpt":"","permalink":"https:\/\/www.paysdesecrins.com\/nl\/fiche\/marche-de-vallouise-4\/","type":"fete_et_manifestation","commune":"Vallouise-Pelvoux","type_commerce":"","image":"https:\/\/static.apidae-tourisme.com\/filestore\/objets-touristiques\/images\/239\/54\/4011759-diaporama.jpg","image_width":"350","image_height":"350","image_fit":"cover"},{"lat":"44.738559","lng":"6.56387","title":"Atelier : Le cercle des alchimistes cueilleurs","excerpt":"","permalink":"https:\/\/www.paysdesecrins.com\/nl\/fiche\/atelier-le-cercle-des-alchimistes-cueilleurs-5\/","type":"fete_et_manifestation","commune":"Freissini\u00e8res","type_commerce":"","image":"https:\/\/static.apidae-tourisme.com\/filestore\/objets-touristiques\/images\/82\/223\/41606994-diaporama.jpg","image_width":"350","image_height":"350","image_fit":"cover"},{"lat":"44.792957","lng":"6.5592","title":"March\u00e9 \u00e0 l’Argenti\u00e8re","excerpt":"","permalink":"https:\/\/www.paysdesecrins.com\/nl\/fiche\/marche-a-largentiere-5\/","type":"fete_et_manifestation","commune":"L'Argenti\u00e8re-la-Bess\u00e9e","type_commerce":"","image":"https:\/\/static.apidae-tourisme.com\/filestore\/objets-touristiques\/images\/177\/66\/803505-diaporama.jpg","image_width":"350","image_height":"350","image_fit":"cover"},{"lat":"44.785447","lng":"6.553664","title":"La Rose des Vents, Festival de Voyages 2026","excerpt":"","permalink":"https:\/\/www.paysdesecrins.com\/nl\/fiche\/la-rose-des-vents-festival-de-voyages-2026-4\/","type":"fete_et_manifestation","commune":"L'Argenti\u00e8re-la-Bess\u00e9e","type_commerce":"","image":"https:\/\/static.apidae-tourisme.com\/filestore\/objets-touristiques\/images\/195\/189\/42319299-diaporama.jpg","image_width":"350","image_height":"350","image_fit":"cover"},{"lat":"44.825029","lng":"6.500806","title":"Stage Travers’Arts : “Sur le Motif”","excerpt":"","permalink":"https:\/\/www.paysdesecrins.com\/nl\/fiche\/stage-traversarts-sur-le-motif-5\/","type":"fete_et_manifestation","commune":"Puy-Saint-Vincent","type_commerce":"","image":"https:\/\/static.apidae-tourisme.com\/filestore\/objets-touristiques\/images\/12\/245\/41612556-diaporama.jpg","image_width":"350","image_height":"350","image_fit":"cover"},{"lat":"44.846704","lng":"6.488418","title":"Visite guid\u00e9e loufoque de Vallouise.","excerpt":"","permalink":"https:\/\/www.paysdesecrins.com\/nl\/fiche\/visite-guidee-loufoque-de-vallouise-6\/","type":"fete_et_manifestation","commune":"Vallouise-Pelvoux","type_commerce":"","image":"https:\/\/static.apidae-tourisme.com\/filestore\/objets-touristiques\/images\/243\/98\/30761715-diaporama.jpg","image_width":"350","image_height":"350","image_fit":"cover"},{"lat":"44.793105","lng":"6.559306","title":"Festival Latino & tango","excerpt":"","permalink":"https:\/\/www.paysdesecrins.com\/nl\/fiche\/festival-latino-tango-5\/","type":"fete_et_manifestation","commune":"L'Argenti\u00e8re-la-Bess\u00e9e","type_commerce":"","image":"https:\/\/static.apidae-tourisme.com\/filestore\/objets-touristiques\/images\/190\/137\/42568126-diaporama.jpg","image_width":"350","image_height":"350","image_fit":"cover"},{"lat":"44.793105","lng":"6.559306","title":"Spectacle : La femme \u00e9pluch\u00e9e, ou comment je suis devenue d\u00e9esse","excerpt":"","permalink":"https:\/\/www.paysdesecrins.com\/nl\/fiche\/spectacle-la-femme-epluchee-ou-comment-je-suis-devenue-deesse-5\/","type":"fete_et_manifestation","commune":"L'Argenti\u00e8re-la-Bess\u00e9e","type_commerce":"","image":"https:\/\/static.apidae-tourisme.com\/filestore\/objets-touristiques\/images\/134\/121\/42563974-diaporama.png","image_width":"350","image_height":"350","image_fit":"cover"},{"lat":"44.738467","lng":"6.564455","title":"L’\u00e9cole des druides","excerpt":"","permalink":"https:\/\/www.paysdesecrins.com\/nl\/fiche\/lecole-des-druides-5\/","type":"fete_et_manifestation","commune":"Freissini\u00e8res","type_commerce":"","image":"https:\/\/static.apidae-tourisme.com\/filestore\/objets-touristiques\/images\/66\/214\/35968578-diaporama.jpg","image_width":"350","image_height":"350","image_fit":"cover"},{"lat":"44.838932","lng":"6.492244","title":"Randonn\u00e9e en libert\u00e9 sur le promontoire de Vallouise","excerpt":"","permalink":"https:\/\/www.paysdesecrins.com\/nl\/fiche\/randonnee-en-liberte-sur-le-promontoire-de-vallouise-5\/","type":"fete_et_manifestation","commune":"Vallouise-Pelvoux","type_commerce":"","image":"https:\/\/static.apidae-tourisme.com\/filestore\/objets-touristiques\/images\/58\/67\/12272442-diaporama.jpg","image_width":"350","image_height":"350","image_fit":"cover"},{"lat":"44.794652","lng":"6.559238","title":"Foul\u00e9es givr\u00e9es","excerpt":"","permalink":"https:\/\/www.paysdesecrins.com\/nl\/fiche\/foulees-givrees-5\/","type":"fete_et_manifestation","commune":"L'Argenti\u00e8re-la-Bess\u00e9e","type_commerce":"","image":"https:\/\/static.apidae-tourisme.com\/filestore\/objets-touristiques\/images\/206\/231\/33155022-diaporama.jpg","image_width":"350","image_height":"350","image_fit":"cover"}],"center_lat":"44.824708","center_lng":"6.541909"}

Parcours numérique en réalité augmentée : Le mystère de l’église des Vigneaux

Le sentier des géants

Exposition du pré de Mme Carle

Exposition : “Lumières en Ecrins”

Ouverture de la route des Espagnols réservée aux mobilités douces

L'Argentière-la-Bessée

Marché de Vallouise

Freissinières

Marché à l’Argentière

Visite guidée loufoque de Vallouise.

Spectacle : La femme épluchée, ou comment je suis devenue déesse

L’école des druides

Randonnée en liberté sur le promontoire de Vallouise

Foulées givrées
